or of 35770?
True
Is 15 a factor of 22725?
True
Is 1476814 a multiple of 134?
True
Does 1418 divide 12920816?
True
Is 360 a factor of 2072520?
True
Is 193 a factor of 913235?
False
Does 116 divide 1543264?
True
Is 83967 a multiple of 80?
False
Is 164 a factor of 287656?
True
Does 41 divide 143172?
True
Is 30 a factor of 93289?
False
Is 177440 a multiple of 22?
False
Is 75400 a multiple of 15?
False
Is 408 a factor of 1153494?
False
Is 5882968 a multiple of 16?
False
Is 220 a factor of 924083?
False
Is 806596 a multiple of 7?
True
Is 7 a factor of 36177?
False
Is 368899 a multiple of 59?
False
Is 3252819 a multiple of 149?
True
Does 276 divide 548057?
False
Is 3 a factor of 449559?
True
Does 44 divide 8653436?
True
Is 495 a factor of 10118960?
False
Is 443497 a multiple of 39?
False
Is 25201 a multiple of 11?
True
Is 267 a factor of 187968?
True
Is 3415748 a multiple of 107?
False
Is 156 a factor of 712452?
True
Does 38 divide 247304?
True
Is 842 a factor of 2192568?
True
Does 123 divide 4038828?
True
Is 451629 a multiple of 9?
True
Is 31 a factor of 1757374?
False
Is 183 a factor of 430842?
False
Is 621 a factor of 4975187?
False
Does 13 divide 201948?
False
Does 64 divide 14656?
True
Does 3 divide 236761?
False
Is 7027 a multiple of 2?
False
Does 255 divide 389640?
True
Is 67 a factor of 7170353?
False
Is 12 a factor of 1413264?
True
Is 968420 a multiple of 410?
True
Does 401 divide 17797182?
True
Does 16 divide 91248?
True
Is 7 a factor of 383012?
True
Is 71 a factor of 113387?
True
Is 2923144 a multiple of 85?
False
Is 163004 a multiple of 18?
False
Is 7791 even?
False
Is 180 a factor of 112140?
True
Does 18 divide 282078?
True
Is 626 a factor of 13831470?
True
Is 1348061 a multiple of 15?
False
Does 44 divide 41526?
False
Does 961 divide 940819?
True
Does 531 divide 51507?
True
Does 32 divide 548338?
False
Is 58 a factor of 169128?
True
Does 279 divide 62625?
False
Is 25865 a multiple of 5?
True
Does 18 divide 752022?
True
Does 440 divide 2316160?
True
Is 11 a factor of 1702833?
True
Is 280 a factor of 19878032?
False
Is 24028106 a multiple of 17?
True
Does 49 divide 165816?
True
Is 1714986 a multiple of 54?
True
Is 399056 a multiple of 6?
False
Is 4727877 a multiple of 227?
False
Does 121 divide 2561570?
True
Is 15 a factor of 23324985?
True
Does 386 divide 8963867?
False
Does 3 divide 211512?
True
Is 6 a factor of 211686?
True
Is 28 a factor of 8624588?
True
Is 47 a factor of 292622?
True
Does 24 divide 139420?
False
Is 237 a factor of 46452?
True
Is 54019 a multiple of 8?
False
Is 45 a factor of 4890015?
True
Is 1051825 a multiple of 381?
False
Does 4 divide 32096?
True
Is 650688 a multiple of 16?
True
Does 5 divide 14750?
True
Is 3805134 a multiple of 214?
True
Is 1766865 a multiple of 15?
True
Does 278 divide 2547314?
True
Is 67301 a multiple of 48?
False
Is 609512 a multiple of 115?
False
Does 195 divide 409305?
True
Does 3 divide 208221?
True
Does 443 divide 9097891?
True
Is 31 a factor of 16674295?
False
Is 4 a factor of 780653?
False
Does 13 divide 1672840?
True
Does 2238 divide 18774555?
False
Is 17 a factor of 595702?
False
Is 398 a factor of 62344?
False
Does 103 divide 3390107?
False
Is 10 a factor of 745610?
True
Is 8 a factor of 2350464?
True
Is 529308 a multiple of 36?
True
Is 3156804 a multiple of 9?
True
Is 196014 a multiple of 91?
True
Is 316480 a multiple of 172?
True
Does 678 divide 14594560?
False
Is 48 a factor of 553561?
False
Is 559 a factor of 153664?
False
Is 164834 a multiple of 82?
False
Is 117 a factor of 308646?
True
Is 3939046 a multiple of 31?
True
Is 47 a factor of 272751?
False
Is 4 a factor of 229028?
True
Is 486219 a multiple of 59?
True
Is 966099 a multiple of 165?
False
Is 697615 a multiple of 244?
False
Is 15 a factor of 177188?
False
Is 193 a factor of 368959?
False
Is 84 a factor of 224130?
False
Is 7789 a multiple of 25?
False
Is 235541 a multiple of 55?
False
Is 105 a factor of 3718836?
False
Is 210 a factor of 460965?
False
Is 1122 a factor of 4226574?
True
Is 113 a factor of 6674006?
True
Is 576768 a multiple of 32?
True
Does 10 divide 11914796?
False
Does 137 divide 1649116?
False
Does 2 divide 143524?
True
Is 1953580 a multiple of 1060?
True
Is 316 a factor of 139672?
True
Does 41 divide 1794980?
True
Is 107429 a multiple of 62?
False
Is 274644 a multiple of 370?
False
Is 143 a factor of 289976?
False
Does 20 divide 219780?
True
Does 2041 divide 25061439?
True
Does 123 divide 10470375?
True
Is 4176509 a multiple of 23?
False
Does 12 divide 146544?
True
Is 679 a factor of 970970?
True
Is 917805 a multiple of 21?
True
Is 9 a factor of 140040?
True
Does 39 divide 42393?
True
Does 25 divide 44?
False
Is 53 a factor of 1244440?
True
Does 538 divide 2535414?
False
Is 151011 a multiple of 38?
False
Is 260075 a multiple of 103?
True
Is 1637060 a multiple of 460?
False
Is 1553635 a multiple of 3?
False
Is 33685 a multiple of 533?
False
Is 3 a factor of 16985?
False
Is 1817651 a multiple of 28?
False
Does 11 divide 179887?
False
Is 330 a factor of 567363?
False
Is 323 a factor of 1904116?
False
Is 562 a factor of 7618246?
False
Does 16 divide 116912?
True
Does 7 divide 64449?
True
Is 160 a factor of 192480?
True
Is 87 a factor of 200085?
False
Is 12 a factor of 1839864?
True
Is 677 a factor of 189560?
True
Does 7 divide 9233000?
True
Is 68 a factor of 288563?
False
Does 194 divide 1971341?
False
Is 142896 a multiple of 4?
True
Is 396 a factor of 12254890?
False
Does 69 divide 319332?
True
Is 362 a factor of 7793736?
False
Is 2772478 a multiple of 8?
False
Does 168 divide 304137?
False
Is 6 a factor of 74199?
False
Is 3468 a multiple of 12?
True
Does 44 divide 914364?
True
Does 203 divide 326419?
False
Is 11433733 a multiple of 1757?
False
Does 28 divide 14019203?
False
Does 198 divide 1004279?
False
Does 14 divide 8807459?
False
Does 16 divide 1418294?
False
Is 383600 a multiple of 10?
True
Is 298 a factor of 137378?
True
Is 3 a factor of 1269015?
True
Is 345570 a multiple of 10?
True
Is 255005 a multiple of 19?
False
Is 137 a factor of 9503002?
False
Is 17 a factor of 26238?
False
Is 465 a factor of 625425?
True
Does 3 divide 32861?
False
Is 4774 a multiple of 11?
True
Is 3332 a multiple of 278?
False
Is 1081130 a multiple of 273?
False
Is 11 a factor of 15771844?
True
Is 611394 a multiple of 3?
True
Does 44 divide 14545168?
True
Does 36 divide 307296?
True
Is 2290806 a multiple of 29?
False
Is 333 a factor of 14216?
False
Is 146 a factor of 4841914?
False
Does 5 divide 75?
True
Is 13694692 a multiple of 11?
True
Does 103 divide 6064743?
True
Does 261 divide 38742?
False
Is 185832 a multiple of 267?
True
Is 40 a factor of 303664?
False
Is 206724 a multiple of 321?
True
Does 24 divide 79874?
False
Is 5 a factor of 1052087?
False
Does 215 divide 274999?
False
Does 19 divide 4387588?
False
Does 3 divide 461601?
True
Does 4 divide 110676?
True
Is 857743 a multiple of 35?
False
Does 84 divide 45864?
True
Is 32 a factor of 59230?
False
Does 4 divide 69386?
False
Does 35 divide 1231125?
True
Is 38 a factor of 31008?
True
Is 287925 a multiple of 155?
False
Is 242 a factor of 4237904?
True
Is 1828845 a multiple of 15?
True
Does 288 divide 80064?
True
Is 27479 a multiple of 25?
False
Does 107 divide 1490406?
False
Does 6 divide 7482?
True
Does 227 divide 15788985?
True
Is 19965 a multiple of 363?
True
Does 113 divide 210666?
False
Does 430 divide 9945040?
True
Does 110 divide 5239392?
False
Is 184912 a multiple of 26?
True
Is 168500 a multiple of 177?
False
Is 490589 a multiple of 11?
True
Is 450727 a multiple of 368?
False
Is 8932 a multiple of 37?
False
Does 58 divide 20590?
True
Does 7 divide 88004?
True
Is 17 a factor of 6569565?
True
Does 123 divide 962033?
False
Is 175 a factor of 7055126?
False
Does 206 divide 137196?
True
Does 279 divide 15035?
False
Does 13 divide 2071537?
True
Does 4 divide 3480848?
True
Is 257591 a multiple of 280?
False
Does 4 divide 2729?
False
Does 38 divide 283485?
False
Does 148 divide 4102391?
False
Is 2374680 a multiple of 1320?
True
Does 8 divide 30216?
True
Is 104 a factor of 101414?
False
Is 264 a factor of 4058135?
False
Is 29 a factor of 975386?
True
Does 27 divide 1027606?
False
Is 16 a factor of 2386752?
True
Is 908 a factor of 11704120?
True
Is 15282752 a multiple